 and 16.
2
Let u be ((-24)/(-18) + -1)/((-3)/(-234)). Let q be (-2)/4 - 391/2. Let f be (q/10)/(u/(-260)). What is the greatest common divisor of f and 28?
28
Let j be -20 + (-3 + (5 - 2))*-1. Let p be 80/3*(-3 - 84/j). Let g = 40 - p. Calculate the greatest common factor of g and 16.
8
Let u be (-1 + 3/(-2))*(-16)/20. Suppose 4*z - 3*x - 20 = -z, -z = -x - u. What is the greatest common factor of z and 203?
7
Let k = -342 - -442. Suppose -26 = -b + 8*z - 10*z, -5*b - 4*z = -k. Let m = 5 + 3. Calculate the highest common divisor of b and m.
8
Let j be 8/2 + (1110 - 10/10). What is the greatest common divisor of j and 21?
21
Let h be (-1 - 21/(-14))*1098. Let y = -465 + h. What is the highest common divisor of y and 210?
42
Let i be 26059/414 - (-6)/108. Calculate the greatest common divisor of 1463 and i.
7
Suppose -12*o + 5 = -17*o. Let m be (o + -6)/(5 - 1 - 5). Let x be -14*(5/(-35) + (-29)/m). What is the highest common factor of x and 90?
30
Let z be (42/(-4 - -2))/(27/(-135)). What is the highest common divisor of 765 and z?
15
Let j = -13065 + 13153. What is the highest common divisor of j and 297?
11
Let n(r) = 7*r - 22. Let g be (-70)/(-7)*(-1 + 0)*-6. Suppose -39 + g = v. Let t be n(v). Calculate the highest common factor of t and 25.
25
Suppose -2*p - 2*p = 4. Let m be p/(-4) + 93/12. Let q = 118 - 46. What is the greatest common factor of m and q?
8
Let h(c) = -65*c - 291. Let i be h(-19). Calculate the highest common factor of i and 64.
16
Let t = 3646 + -3606. What is the highest common divisor of t and 1960?
40
Let g be (1 + 9)/((-2)/(-12)). Suppose 0 = d - 6*d + 5. Suppose -v + 2*f = -d - 6, -2*f + 8 = 0. Calculate the highest common factor of v and g.
15
Let t(o) = 5*o - 192. Let k be t(39). Suppose -k*u = 16*u - 171. Calculate the highest common factor of u and 24.
3
Suppose -2*w + 6631 + 21292 = 6203. Calculate the greatest common factor of 60 and w.
60
Let z be (3/2)/(72/4496*6/72). What is the highest common factor of 1 and z?
1
Let z = 2619 + -2583. Let u(p) = -10*p. Let n be u(-2). What is the highest common factor of z and n?
4
Let o = -15 + 15. Suppose -2*f + o*f = 3*w - 174, -4*w + 232 = f. Let v = 70 - w. What is the highest common divisor of 12 and v?
12
Let u(x) = -7*x**2 + x - 4. Let g(t) = -8*t**2 + 2*t - 6. Let w(n) = 4*g(n) - 5*u(n). Let o be w(2). Calculate the greatest common divisor of 98 and o.
14
Let z be (-24)/(-32)*(-12 + 0). Let i be (-372)/(-15) - z/45. Suppose 0*g + 202 = 2*y - g, -5*g = 2*y - 190. What is the greatest common divisor of y and i?
25
Let s(x) = 48*x**2 + x + 2. Let j be s(-2). Suppose -1965*u + 1984*u - 228 = 0. What is the greatest common divisor of u and j?
12
Suppose 1 = -3*o + 5*n, 12*n = 2*o + 11*n - 4. Suppose -2*h = -a - o*a + 638, 482 = 3*a + 2*h. Calculate the greatest common divisor of a and 32.
32
Let w(q) = -q + 10. Let u be w(5). Suppose -5*z + 3*y = -560, 2*z - u*y = -3*z + 550. Calculate the greatest common divisor of 5 and z.
5
Suppose 4*z - 51 = 69. Suppose -11 = -x + 13. Let w be 132*4*15/x. What is the greatest common factor of w and z?
30
Let g(d) = -4*d + 16. Let q be g(3). Let j(r) = r**2 - 2*r - 4. Let v be j(q). Suppose -463 = -v*m + 433. What is the greatest common divisor of 28 and m?
28
Let l = 14 - 15. Let z be (9/27)/(l/(-9)). Suppose 0 = z*u - n - 0*n - 3, 3*n + 4 = 4*u. Calculate the highest common divisor of u and 5.
1
Suppose -11*y + 70 = -29. Let k(i) = -1 - 3 - 8*i**3 - 2 + 2*i**2 - 2*i + 3. Let v be k(-1). Calculate the highest common factor of y and v.
9
Let t be -33 - -26 - ((-222)/(-2))/(-3). What is the greatest common factor of 165 and t?
15
Suppose -106*s = -108*s + 4. Suppose -s*m = 0, -5*k + m = -0*k - 325. What is the greatest common factor of 13 and k?
13
Suppose 20 - 62 = -q. Suppose -8*n + q = -5*n. Calculate the greatest common factor of n and 70.
14
Suppose -5*f + 5*l + 35 = 0, -5*l - 8 = 4*f - 0*l. Suppose f*i + 48 = 4*i. What is the greatest common factor of 54 and i?
6
Let z = -10582 + 10806. Calculate the highest common divisor of 406 and z.
14
Let c = -185 - -262. Calculate the highest common divisor of c and 572.
11
Suppose 5*t + 6 + 14 = -2*l, -3*t - 12 = 0. Suppose 3*y - 22 - 176 = l. What is the highest common divisor of 165 and y?
33
Suppose 4*v - y - 71603 = 0, 336*y - 89502 = -5*v + 339*y. Calculate the highest common factor of 442 and v.
221
Let i(s) = -5*s - 70. Let p = -155 - -123. Let w be i(p). What is the highest common factor of 27 and w?
9
Let h = 121 + -37. Suppose h = 2*q - 322. Let f be q/7 + 2*-1. What is the highest common factor of 27 and f?
27
Let z be 1/((-2)/(-20)*(-55)/22) - -142. Calculate the highest common factor of 4048 and z.
46
Suppose -4*b = 4, 4*x + 4*b = -450 - 238. Let u = x + 179. What is the greatest common factor of u and 36?
4
Suppose -2*y + 4 = o, 2*o + 2*y - 9 - 1 = 0. Suppose 4*f - 42 + o = 0. Let b be (f/(9/(-26)))/(0 + -2). Calculate the highest common divisor of b and 169.
13
Let b(q) = -2*q + 11*q**3 + 4*q**2 - 3*q + 3*q - 2*q**2 + 1. Let j be b(1). Let l be (22 - -1) + (-26 - -15). Calculate the highest common factor of l and j.
12
Let u = 6602 + -6474. What is the greatest common factor of 20 and u?
4
Suppose c - 159 = -155. Let t be (-1 - -5) + 15 + c. Calculate the highest common factor of 161 and t.
23
Let k(s) = s**2 + 9*s + 42. Let m = 135 - 141. Let b be k(m). Let w = -151 - -319. What is the greatest common factor of b and w?
24
Suppose 0 = -4*z - 1226 - 778. Let l = z - -644. Calculate the greatest common factor of l and 26.
13
Let m be 5/4 - 421/4. Let j = -59 - m. What is the greatest common divisor of 18 and j?
9
Suppose 40*y + 8513 + 639 = 392*y. Suppose -3*k = -4*k + 8. Calculate the highest common factor of y and k.
2
Let k(m) = -6*m**3 - m**2 - 11*m - 16. Let p be k(-4). Calculate the greatest common divisor of 1716 and p.
132
Suppose -74*u + 153*u - 301385 = 0. Calculate the highest common factor of u and 14.
7
Suppose -10*s + 27300 = 16*s. What is the greatest common factor of s and 20?
10
Suppose -324 = -8*r + 252. Let g = r + -64. What is the greatest common divisor of 76 and g?
4
Let o = 1421 + 11418. What is the highest common divisor of o and 37?
37
Suppose -16 = -y + 10. Let l be -7 + 863/4 + (-39)/52. Calculate the greatest common divisor of l and y.
26
Suppose -9*y + 133 - 70 = 0. Calculate the highest common divisor of 2184 and y.
7
Let t = 684 + -1254. Let g = t - -1882. What is the greatest common divisor of g and 82?
82
Let v(b) = -2*b - 25. Let d be v(-14). Let m(g) = 17*g**2 - 6*g - 9*g + 1 + 21*g - 4. Let l be m(d). What is the highest common divisor of 21 and l?
21
Suppose -2*a + 2334 = 2*l, 3578 = 3*l - 5*a + 69. Calculate the highest common factor of l and 16.
16
Let a be 42/7 - (-36)/6. Suppose a + 276 = 9*m. Calculate the highest common factor of 4 and m.
4
Suppose 66*r + 28994 = 80606. Suppose 5*u = -0*u + 170. Calculate the highest common factor of r and u.
34
Let t = -7469 + 7868. What is the highest common factor of t and 1083?
57
Let p(r) = -r**2 - 7*r - 2*r + 8*r - 26 - 3*r. Let k be p(-10). Let l = k + 160. Calculate the highest common divisor of 37 and l.
37
Let u(h) = -h**3 - 6*h**2 + 3*h + 1. Let q be u(-9). Suppose 5*t + q = 12*t. Let p = t - -47. What is the highest common divisor of 6 and p?
6
Let u(t) = t**2 + 25*t - 438. Let o be u(-51). Calculate the highest common divisor of 24 and o.
24
Let g be -3*24/(-15)*2400/20. What is the greatest common factor of g and 2176?
64
Suppose -208*o = -205*o - 333. Suppose 110*z - o*z = -29. What is the highest common divisor of z and 145?
29
Let n be (1*-3 - -2) + 1. Suppose 3*d - 34 - 56 = n. Let m = 105058 + -105052. What is the highest common factor of m and d?
6
Let q be (5 - 2)/(9/12). Let o = 13 - q. Let w(s) = 8*s**3 + 3*s**2 + 6*s - 8. Let a be w(1). What is the highest common divisor of o and a?
9
Suppose 0 = 218*r - 151*r - 139159. What is the highest common divisor of 31 and r?
31
Let l be 2026/(21/(-12 + 54)). Calculate the greatest common factor of l and 8.
4
Let f = -97 - -211. Suppose 5*x - 9*l + 5*l - 288 = 0, f = 2*x - l. Calculate the greatest common divisor of 56 and x.
56
Let a = 1393 + 640. Suppose -5*q - 4*j = -a, -5*j = 4*q + 467 - 2097. What is the highest common divis